se 1051 + 379 = 26*m. Calculate the remainder when m is divided by 19.
17
Let g = 11 + -5. Let a(v) = 4*v**2 - 6 + 3*v - 8*v + v - 2*v**2. What is the remainder when a(g) is divided by 9?
6
What is the remainder when 38916/(-483)*14/(-4) is divided by 73?
63
Let d(f) = 23*f**3 + f. Let k = 593 + -475. What is the remainder when k is divided by d(1)?
22
Suppose 0 = 5*g + 5*j - 50, 3*j = -2*g + 8*j - 15. Suppose -c + 26 = 2*d, -7*d + g*d + 3*c = -34. What is the remainder when d is divided by 5?
4
Let b(i) be the third derivative of i**5/60 + i**4/24 - i**3/3 - 3*i**2. Let v be b(5). What is the remainder when v/6 + 2/6 is divided by 3?
2
Suppose -3*j - 8 = -4*j. Suppose -j*u + 7*u = -3. Suppose 5*v - 3*q - 98 = 0, u*q = -4*v + 7*q + 80. Calculate the remainder when v is divided by 5.
4
Let d = 15 - 6. Let f = 21 + -15. Calculate the remainder when (1 + d)*(-3 + 4) is divided by f.
4
Suppose 4*p - 229 + 41 = 0. Suppose 5*v - p - 3 = 0. Calculate the remainder when (6/v)/(13/65) is divided by 2.
1
Let l(k) = 11*k**3 - 3*k**2 + 8*k - 6. Suppose 6*b - 335 = b. What is the remainder when b is divided by l(1)?
7
Let f(j) = -j**2 - 9*j + 8. Let x be 69/(-9) + (-1)/3. Let k(i) = -4*i - 9. What is the remainder when k(-14) is divided by f(x)?
15
Calculate the remainder when 50 is divided by (-1 - -21) + 1 + -5 + 10.
24
Let l = -24 + 47. Let i = l - 12. Let v(c) = 19*c - 7. What is the remainder when v(2) is divided by i?
9
Suppose -1 = 2*u - 3. Calculate the remainder when 20 is divided by -2 + 2 + u*7.
6
Let f be 1/((2 - 0) + 24/(-8)). Calculate the remainder when 40 is divided by -2 + 3 - 14/f.
10
Let b = -73 + 196. What is the remainder when b is divided by 43?
37
Suppose -6*n = -2*n - v - 455, 0 = -4*n + 3*v + 445. Let k = 122 - n. Calculate the remainder when 20 is divided by k.
6
Let x be 39/(3 - (-57)/(-12) - -2). Calculate the remainder when 63 is divided by 3*(3 + x/18).
28
Suppose -76 = -2*v - 2*t, v + 2*v + 2*t - 109 = 0. Calculate the remainder when v is divided by 15.
3
Let t = 46 - 17. Suppose -3*b + 449 - 17 = 0. Calculate the remainder when b is divided by t.
28
Suppose 2*a - 19 + 1 = 4*x, x + 3 = a. Let l be (-1 + -2)*10/x. Suppose -l*f - 5 = -15. What is the remainder when 2 is divided by f?
0
Let q(c) = c**3 - 6*c**2 - 36*c - 12. Calculate the remainder when q(11) is divided by 33.
32
Suppose -2*f = -2*z - 32, -64 = -3*f - 4*z + 5. Calculate the remainder when ((-42 + 7)/(-7) - 307)/(-2) is divided by f.
18
Let v = -787 + 894. Calculate the remainder when v is divided by 55.
52
Suppose -c = 2*m - 3, 0 = -m + 5*c - 9 + 38. Suppose 0 = m*t - 39 - 149. What is the remainder when t is divided by 8?
7
Let w be 15/10*28 - -2. Suppose -2 = 7*c - w. Suppose r + 2*r - 81 = -3*d, -5*d + 4*r = -153. Calculate the remainder when d is divided by c.
5
Let x be (4 - (2 + 0))*(0 - -31). Suppose 4*l - 146 - x = -4*h, -h + 64 = -5*l. Let t(o) = 4*o**2 - 2*o + 2. Calculate the remainder when h is divided by t(2).
12
Suppose -4*s - 2*h = 70, -2*h + 0*h - 6 = 0. Let o be (-6)/18 - s/3. Suppose -179 + 34 = -o*g. What is the remainder when g is divided by 15?
14
Calculate the remainder when 166 - (-7)/(-1)*(-24)/(-28) is divided by 8.
0
Suppose w + 658 = 3*f, 102 = -4*f + 2*w + 980. Calculate the remainder when f is divided by 58.
45
Let y = -21 + 26. Suppose 4*d - 5 = y*d. Let u(v) = v**3 + 6*v**2 + v + 7. What is the remainder when 106 is divided by u(d)?
25
Let l = 16 + -15. Suppose 1 = 2*t - l, -d = 3*t - 2. Let r = 4 - d. Calculate the remainder when r is divided by 2.
1
Suppose 45*n = 38*n + 84. What is the remainder when 437 is divided by n?
5
Suppose 2*h + 10 = t, -4*t - 2*h + 3*h = -33. Let z = 102 + -99. Let b = 28 + z. Calculate the remainder when b is divided by t.
7
Let r = -330 - -335. What is the remainder when 17 is divided by r?
2
Let x(q) = -q**2 + 9*q + 25. Let u be x(11). Suppose -k + 488 = 4*h + u*k, h - 2*k - 122 = 0. What is the remainder when h is divided by 31?
29
Let i = -2395 + 3614. Calculate the remainder when i is divided by 94.
91
Let f = -1 + 5. Let g = 19 - f. Calculate the remainder when 746/17 + (40/34)/10 is divided by g.
14
Let r(j) = j**2 - j. Let s(l) = 5*l**2 - 7*l - 3. Let m(v) = -4*r(v) + s(v). Let b = -44 - -51. What is the remainder when m(b) is divided by 9?
7
Suppose 3*h - 1782 = -19*h. Let i(f) = -2*f**3 - 5*f**2 - 2*f + 2. Let c be i(-4). Let z = c + -37. What is the remainder when h is divided by z?
18
Let b be 20*(-15)/(-10)*3. Let v = b - 53. Calculate the remainder when v is divided by 10.
7
What is the remainder when (12/(-9))/((-1848)/306 + 6) is divided by 6?
4
Let n(l) = -2*l - 6. Suppose v = 6*v. Let p = 29 + v. Calculate the remainder when p is divided by n(-7).
5
Let s(r) = -43*r**2 + r - 1. Let h be s(1). Let c = -22 - h. Suppose -3*q = l - 6*l + 21, -l = -2*q. Calculate the remainder when c is divided by l.
3
Let w = -1 + 9. Suppose -w*j + 140 = -4*j. What is the remainder when j is divided by 19?
16
Let g(a) = -4*a + 117. What is the remainder when 49 is divided by g(23)?
24
Let t(v) = -v**2 - 7*v + 6. Let j(a) be the second derivative of a**4/12 - 7*a**3/2 + 9*a**2/2 - 14*a. What is the remainder when t(-5) is divided by j(21)?
7
Let o(v) = 3*v**2 + 20*v - 2. Calculate the remainder when 111 is divided by o(2).
11
Let r(z) = 20*z - 100. What is the remainder when 124 is divided by r(7)?
4
Calculate the remainder when 31 is divided by ((-69)/46)/((-1 + 3)/(-28)).
10
Let d(r) = 5*r**2 - 2*r + 2. Let b be d(1). Suppose -b*u + 3*h + 60 + 60 = 0, u + 2*h = 11. What is the remainder when u is divided by 13?
8
Suppose f = -0*f - 2*c + 4, 5*f - 2*c - 80 = 0. What is the remainder when (4 + 204/9)*6/4 is divided by f?
12
Suppose -15*m - 530 = -3155. What is the remainder when m is divided by 44?
43
Suppose -10 = 3*u + 2. Let y be 6 + (1*-8 - u). Suppose y*o + 30 = 8*o. What is the remainder when 8 is divided by o?
3
Let y(q) = 2 - 3*q + 4*q**2 - q + 0 + 0. Let z(m) = -m**2 + m - 1. Let j(v) = y(v) + 3*z(v). Calculate the remainder when 11 is divided by j(3).
1
Let u = -80 + 133. Suppose -97 = -6*j + 11. What is the remainder when u is divided by j?
17
Suppose 0 = 4*g - 29 - 19. Suppose 0*j = -3*j + 69. What is the remainder when j is divided by g?
11
Let w(z) = 3*z**3 - z + 2. Suppose 0*t + 4 = 4*t, 3*q + 2*t = 8. Calculate the remainder when w(q) is divided by 13.
11
Calculate the remainder when 4/(32/(-2364))*6/(-9) is divided by 50.
47
Suppose -v = 4*y - 27, -2*v - 11*y + 16*y - 11 = 0. Calculate the remainder when 58 is divided by v.
2
Let m = 108 - -10. Suppose 4*k = -3*c + 264, 2*k + c + 4*c = m. Suppose -h + 5*l + 24 = 3*l, 5*l - 24 = -h. What is the remainder when k is divided by h?
21
Suppose -2*i = -f - 12, -3*f = -5*f + 8. Suppose -k - 74 = -5*m, -m + 0*m - 5*k - 6 = 0. Let n = m - -25. What is the remainder when n is divided by i?
7
Let a be 3 - (-2 + 1)*1307. Calculate the remainder when a/70 + 2/7 is divided by 5.
4
Let k = -83 - -94. Suppose 88 + 0 = k*b. Suppose 4*c = -4*u + 116, u + 3*c - 9 = 18. Calculate the remainder when u is divided by b.
6
Let i = 194 - 189. What is the remainder when 114 is divided by i?
4
Suppose -5*x + 10 = -4*x. Suppose w = x - 7. Suppose 0 = -z + w*z - 16. What is the remainder when 21 is divided by z?
5
Let j(d) = 23*d - 23. Calculate the remainder when j(3) is divided by 17.
12
Let h(g) = g**2 - 8*g. Let c be h(7). Suppose 3*b - l = 65, -b - 4*l = -l - 35. Calculate the remainder when b is divided by c + 3 - -10*1.
5
Let m(a) = a**3 + 8*a**2 + 6*a + 3. Let r be m(-6). Suppose -2*o - 13 = -r. Let d(w) = -2*w - 6. What is the remainder when o is divided by d(-6)?
1
Let d = 76 + -41. Let g(z) = z**3 + 2*z + 19. Suppose 2*f + 4 + 4 = 0, 4*y + 3*f + 12 = 0. Calculate the remainder when d is divided by g(y).
16
Let c = -4 - -69. What is the remainder when c is divided by 26?
13
Suppose 5*z = 2*v - 40 - 89, 5*v - 365 = 4*z. What is the remainder when v is divided by 27?
23
Let a = 10 + -21. Let x be (-22)/(-1)*(-110)/a. What is the remainder when x/6 - 7/(-21) is divided by 19?
18
Suppose -u = 11 + 20. Let k = 78 + u. Let r(l) = -4*l. What is the remainder when k is divided by r(-3)?
11
Suppose 3 = 3*m - 6*m. Suppose -53 = 3*i - 263. Calculate the remainder wh